{"id":18505,"date":"2023-11-28T15:37:00","date_gmt":"2023-11-28T15:37:00","guid":{"rendered":"https:\/\/jeltsch.eu\/webblog\/?page_id=18505"},"modified":"2023-11-28T15:46:18","modified_gmt":"2023-11-28T15:46:18","slug":"spuren-1987-2023-anweisungstext-zur-ausfuehrung-von-kunstwerk-mentales-bildobjekt","status":"publish","type":"page","link":"https:\/\/jeltsch.eu\/webblog\/spuren-1987-2023-anweisungstext-zur-ausfuehrung-von-kunstwerk-mentales-bildobjekt\/","title":{"rendered":""},"content":{"rendered":"<p>&nbsp;<\/p>\n<p><strong>Eine mit weisser Farbe grundierte Leinwand \u2013 ca. sechs Meter breit, zwei Meter lang, resp. hoch \u2013 wird kurz vor dem abendlichen Berufsverkehr quer \u00fcber die Fahrbahn einer stark befahrenen Hauptstrasse gelegt <\/p>\n<p>Die Leinwand wird dann mit einem extra starken Aluminiumklebeband auf dem Stra\u00dfenuntergrund befestigt, so dass die R\u00e4nder des ausgerollten Gewebes mit dem Asphaltuntergrund verklebt werden und nahtlos aneinander haften<br \/>\n\u00a0<br \/>\nAnschlie\u00dfend wird mit einem Handz\u00e4hler (oder \u00e4hnlichem Messger\u00e4t) die Anzahl der Fahrzeuge, die in einer Stunde \u00fcber die Leinwand fahren, festgehalten, um sp\u00e4ter den genauen Titel der Arbeit bestimmen zu k\u00f6nnen: &#8222;Spuren \/ (xxx\/Anzahl) Autos \u00fcber Leinwand&#8220;<br \/>\n\u00a0<br \/>\nDie Leinwand mit den Reifenabdr\u00fccken wird nach genau einer Stunde wieder abgebaut, auf einen gro\u00dfen Holzkeilrahmen gespannt und mit einem einfachen Rahmen aus naturbelassenen, schmalen Buchenholzleisten umgeben<\/strong><\/p>\n<p>&nbsp;<\/p>\n<p>&nbsp;<\/p>\n<p>&nbsp;<\/p>\n<p>&nbsp;<\/p>\n<p>&#8222;Spuren&#8220;, 19987\/2023, Produktionsanweisung f\u00fcr die Herstellung eines mentalen Bildwerks\/Visualierung:<\/p>\n<p>&nbsp;<\/p>\n<p><em>Hinweis: Urspr\u00fcnglich sollte das Projekt 1987 an der Dornacherstrasse in Basel auf der H\u00f6he des Winkelriedplatzes realisiert werden. Das Projekt wurde jedoch nie realisiert und wird nun als rein geistiges Bild an die jeweiligen interessierten Lesern dieses Textes vermittelt.<br \/>\n\u00a0<\/em><\/p>\n<p>&nbsp;<\/p>\n<p><a href=\"https:\/\/jeltsch.eu\/webblog\/gedankeninstallation-uebersicht\/\"><<\/a><\/p>\n<p>&nbsp;<\/p>\n","protected":false},"excerpt":{"rendered":"<p>&nbsp; Eine mit weisser Farbe grundierte Leinwand \u2013 ca. sechs Meter breit, zwei Meter lang, resp. hoch \u2013 wird kurz vor dem abendlichen Berufsverkehr quer \u00fcber die Fahrbahn einer stark befahrenen Hauptstrasse gelegt Die Leinwand wird dann mit einem extra starken Aluminiumklebeband auf dem Stra\u00dfenuntergrund befestigt, so dass die R\u00e4nder des ausgerollten Gewebes mit dem &hellip; <a href=\"https:\/\/jeltsch.eu\/webblog\/spuren-1987-2023-anweisungstext-zur-ausfuehrung-von-kunstwerk-mentales-bildobjekt\/\" class=\"more-link\"><span class=\"screen-reader-text\"><\/span> weiterlesen <span class=\"meta-nav\">&rarr;<\/span><\/a><\/p>\n","protected":false},"author":3,"featured_media":0,"parent":0,"menu_order":0,"comment_status":"closed","ping_status":"closed","template":"","meta":{"footnotes":""},"_links":{"self":[{"href":"https:\/\/jeltsch.eu\/webblog\/wp-json\/wp\/v2\/pages\/18505"}],"collection":[{"href":"https:\/\/jeltsch.eu\/webblog\/wp-json\/wp\/v2\/pages"}],"about":[{"href":"https:\/\/jeltsch.eu\/webblog\/wp-json\/wp\/v2\/types\/page"}],"author":[{"embeddable":true,"href":"https:\/\/jeltsch.eu\/webblog\/wp-json\/wp\/v2\/users\/3"}],"replies":[{"embeddable":true,"href":"https:\/\/jeltsch.eu\/webblog\/wp-json\/wp\/v2\/comments?post=18505"}],"version-history":[{"count":5,"href":"https:\/\/jeltsch.eu\/webblog\/wp-json\/wp\/v2\/pages\/18505\/revisions"}],"predecessor-version":[{"id":18511,"href":"https:\/\/jeltsch.eu\/webblog\/wp-json\/wp\/v2\/pages\/18505\/revisions\/18511"}],"wp:attachment":[{"href":"https:\/\/jeltsch.eu\/webblog\/wp-json\/wp\/v2\/media?parent=18505"}],"curies":[{"name":"wp","href":"https:\/\/api.w.org\/{rel}","templated":true}]}}