{"id":3150,"date":"2023-01-04T23:09:59","date_gmt":"2023-01-04T23:09:59","guid":{"rendered":"http:\/\/jeltsch.eu\/?page_id=3150"},"modified":"2025-08-30T01:29:33","modified_gmt":"2025-08-30T01:29:33","slug":"alba-imago-museum-3","status":"publish","type":"page","link":"https:\/\/jeltsch.eu\/webblog\/alba-imago-museum-3\/","title":{"rendered":"alba.imago.museum"},"content":{"rendered":"<hr>\r\n&nbsp;\r\n \r\n&nbsp;\r\n\r\n<p><a title=\"albaimagomuseum\" href=\"http:\/\/albaimagomuseum.ch\" target=\"_blank\" rel=\"noopener noreferrer\">&nbsp;<\/a><\/p>\r\n\r\n\r\n\r\n<img loading=\"lazy\" decoding=\"async\" src=\"https:\/\/jeltsch.eu\/webblog\/wp-content\/uploads\/2023\/07\/AIM-GR-VAR-BIGGA-4WP.jpg\" alt=\"\" width=\"567\" height=\"397\" class=\"alignnone size-full wp-image-10848\" srcset=\"https:\/\/jeltsch.eu\/webblog\/wp-content\/uploads\/2023\/07\/AIM-GR-VAR-BIGGA-4WP.jpg 567w, https:\/\/jeltsch.eu\/webblog\/wp-content\/uploads\/2023\/07\/AIM-GR-VAR-BIGGA-4WP-300x210.jpg 300w\" sizes=\"(max-width: 567px) 100vw, 567px\" \/>\r\n\r\n\r\n\r\n<hr>\r\n\r\n&nbsp;\r\n\r\n<p>Ausstellungsr\u00e4ume, angelegt im weiten Raum des Geistes. Gedankenkraft schafft Atmosph\u00e4re und Umgebung, l\u00e4sst die Landschaft einer flachen, weit ausgedehnten Ebene entstehen, auf deren hellen, lichtgrauen Oberfl\u00e4che vier Meter hohe, weisse Raumelemente wie Quader und W\u00e4nde diverse nach oben offene R\u00e4ume von unterschiedlicher Gr\u00f6sse definieren. \u00dcber den R\u00e4umen w\u00f6lbt sich die Atmosph\u00e4re eines nebul\u00f6sen Himmels, der sich am Horizont verdichtet. Die einzelnen R\u00e4ume bilden einen Raumkomplex, dessen Aussenw\u00e4nde eine ungef\u00e4hre Grundfl\u00e4che von 150 x 150 Quadratmetern begrenzen. Der elastisch wirkende, nahtlos \u00fcber der gesamten Hallenfl\u00e4che ausgegossene Boden schimmert im diffusen Umgebungslicht matt und das helle, zementfarbene Grau der Bodenoberfl\u00e4che enth\u00e4lt eine warme, kaum wahrnehmbare, erdige Farbt\u00f6nung, die den Ausstellungsr\u00e4umen eine entspannte und zugleich konzentrierte Raumatmosph\u00e4re verleiht. \r\nDer gesamte Raumkomplex stellt aktuell insgesamt 21608 Quadratmeter Ausstellungsfl\u00e4che zur Verf\u00fcgung, die sich bei Bedarf noch erweitern l\u00e4sst<\/p>  \r\n\r\n&nbsp;\r\n\r\n<hr>\r\n\r\n&nbsp;\r\n\r\n<strong><p>\u2028\u2028Vorgeschichte: Museum im Kopf<\/p> <\/strong>\r\n\r\n<p>Urspr\u00fcnglich in reiner Textform konzipiert, wird in den neunziger Jahren mit dem \u201cMuseum im Kopf\u201c eine Art geistiger Beh\u00e4lter f\u00fcr die imagin\u00e4ren Werke und artverwandten Arbeiten geschaffen, die seit Beginn der Auseinandersetzung mit dem Konzept der Gedankenskulptur ab 1992 entstehen. Das Museum selbst ist dabei nicht Kunstwerk, sondern dient lediglich dem Zweck der Projektbeschreibung. Sp\u00e4ter werden Text, <a href=\"https:\/\/jeltsch.eu\/webblog\/wp-content\/uploads\/2023\/01\/MIK-GR-Original-SW.jpg\" rel=\"noopener\" target=\"_blank\">erste Grundrisspl\u00e4ne<\/a> und einfache <a href=\"https:\/\/jeltsch.eu\/archiv\/popup\/dia_mik\/index_mik.html\" rel=\"noopener\" target=\"_blank\">Raumabbildungen<\/a> zu einer Dokumentation gef\u00fcgt, um in Buchform oder als Katalog publiziert zu werden. Ein erster Hinweis auf das Projekt des MIK ist 1994 im Kunstmagazin \u201eARTIS \u201c zu finden, wo die geistige Grundsteinlegung des Museums mit der Gedankenskulptur \u201eMattglasbaustein\u201c im Rahmen eines halbseitigen Inserates angezeigt wird.\u00a0Das Vorhaben wird im Laufe der Jahre jedoch nie in der \u00a0gew\u00fcnschten Form realisiert, obwohl die Ausarbeitung des Projekts in der Folge soweit gediehen ist, dass fertige Entw\u00fcrfe und Grundrisspl\u00e4ne f\u00fcr den (virtuellen) Bau des Museums vorliegen\r\nNach der Jahrhundertwende f\u00fchren die M\u00f6glichkeiten des Internets zur Planung einer ersten Webseite: museumimkopf.ch<\/p> \r\n\r\n&nbsp;\r\n\r\n<p><strong>alba.imago.museum \/ a.i.m<\/strong><\/p>\r\n\r\n<p>Vor der Ver\u00f6ffentlichung der Webseite werden Name und Form noch einmal \u00fcberarbeitet- das Projekt heisst neu \u201calba.imago.museum \u2013 virtuelle r\u00e4ume f\u00fcr kunst\u201c.\u00a0Grundriss und Raumplan der Ausstellungsr\u00e4ume werden komplett \u00fcberarbeitet- auf eine Aussenh\u00fclle wird jetzt verzichtet, was den virtuellen Charakter des Projekts weiter betont (2012). Mit der Umgestaltung entsteht auch mehr Ausstellungsraum auf einer theoretisch unendlich erweiterbaren Grundfl\u00e4che. Grundriss und einzelne R\u00e4ume werden in der Folge von der Firma\u00a0BILDKRAFT\u00a0visualisiert und es ist geplant, den gesamten Raumkomplex auf diese Weise umzusetzen. Die virtuellen R\u00e4ume sollten dann im Rahmen einer fotorealistisch gestalteten Webseite im Flash-Format besucht werden k\u00f6nnen\r\nBei Planung und Aufbau der neuen R\u00e4ume spielt von Beginn weg der Gedanke mit, die virtuelle Ausstellungsfl\u00e4che nach Fertigstellung einmal im Jahr f\u00fcr verschiedene Kunstschaffende zu \u00f6ffnen,\u00a0die Arbeiten mit \u00e4hnlichem oder dem Konzept der Gedankenskulptur verwandtem Inhalt beitragen. Auf diese Weise sollte das \u00a0\u201ealba.imago.museum\u201c zu einer Art Online-Dokumentationsstelle f\u00fcr imagin\u00e4re Kunst werden\r\nZeitgleich mit der ersten Aufbauphase wird jedoch bekannt, dass die Herstellerfirma Adobe das Flash-Format f\u00fcr mobile Ger\u00e4te nicht l\u00e4nger weiterentwickeln wird. Und solange Unklarheit dar\u00fcber besteht, wie die Zukunft webbasierter Animationsgrafiken aussieht, wird gegenw\u00e4rtig auf die Umsetzung einer technisch ausgekl\u00fcgelten Internetseite verzichtet.\u00a0Stattdessen werden die virtuellen Ausstellungsr\u00e4ume und die darin enthaltenen Arbeiten als Projektbeschreibung\u00a0im Rahmen einer schlichteren Webseite, wie sie nun hier vorliegt, dokumentiert.\r\n\r\nDie Umsetzung der urspr\u00fcnglichen Pl\u00e4ne\/Vision zu einem sp\u00e4teren Zeitpunkt wird nicht ausgeschlossen.\u00a0Der Fokus liegt aktuell aber\u00a0in der Planung und\u00a0Realisierung von Gedankeninstallationen im \u00f6ffentlichen Raum und der Weiterentwicklung, bzw. Erweiterung der Idee der Gedankenskulptur<\/p> \r\n\r\n&nbsp;\r\n\r\n<p><a href=\"https:\/\/jeltsch.eu\/webblog\/alba-imago-museum\/\">\u2028Architekturvisualierung\/Bildserie<\/a> alba.imago.museum<\/p> \r\n\r\n&nbsp;\r\n\r\n","protected":false},"excerpt":{"rendered":"<p>&nbsp; &nbsp; &nbsp; &nbsp; Ausstellungsr\u00e4ume, angelegt im weiten Raum des Geistes. Gedankenkraft schafft Atmosph\u00e4re und Umgebung, l\u00e4sst die Landschaft einer flachen, weit ausgedehnten Ebene entstehen, auf deren hellen, lichtgrauen Oberfl\u00e4che vier Meter hohe, weisse Raumelemente wie Quader und W\u00e4nde diverse nach oben offene R\u00e4ume von unterschiedlicher Gr\u00f6sse definieren. \u00dcber den R\u00e4umen w\u00f6lbt sich die Atmosph\u00e4re &hellip; <a href=\"https:\/\/jeltsch.eu\/webblog\/alba-imago-museum-3\/\" class=\"more-link\"><span class=\"screen-reader-text\">alba.imago.museum<\/span> weiterlesen <span class=\"meta-nav\">&rarr;<\/span><\/a><\/p>\n","protected":false},"author":3,"featured_media":0,"parent":0,"menu_order":0,"comment_status":"closed","ping_status":"closed","template":"","meta":{"footnotes":""},"_links":{"self":[{"href":"https:\/\/jeltsch.eu\/webblog\/wp-json\/wp\/v2\/pages\/3150"}],"collection":[{"href":"https:\/\/jeltsch.eu\/webblog\/wp-json\/wp\/v2\/pages"}],"about":[{"href":"https:\/\/jeltsch.eu\/webblog\/wp-json\/wp\/v2\/types\/page"}],"author":[{"embeddable":true,"href":"https:\/\/jeltsch.eu\/webblog\/wp-json\/wp\/v2\/users\/3"}],"replies":[{"embeddable":true,"href":"https:\/\/jeltsch.eu\/webblog\/wp-json\/wp\/v2\/comments?post=3150"}],"version-history":[{"count":43,"href":"https:\/\/jeltsch.eu\/webblog\/wp-json\/wp\/v2\/pages\/3150\/revisions"}],"predecessor-version":[{"id":41380,"href":"https:\/\/jeltsch.eu\/webblog\/wp-json\/wp\/v2\/pages\/3150\/revisions\/41380"}],"wp:attachment":[{"href":"https:\/\/jeltsch.eu\/webblog\/wp-json\/wp\/v2\/media?parent=3150"}],"curies":[{"name":"wp","href":"https:\/\/api.w.org\/{rel}","templated":true}]}}