{"id":8471,"date":"2023-01-17T14:20:22","date_gmt":"2023-01-17T14:20:22","guid":{"rendered":"https:\/\/jeltsch.eu\/webblog\/?page_id=8471"},"modified":"2023-01-17T14:26:58","modified_gmt":"2023-01-17T14:26:58","slug":"lokonoize-1992-gedankenskulptur-vorstellung","status":"publish","type":"page","link":"https:\/\/jeltsch.eu\/webblog\/lokonoize-1992-gedankenskulptur-vorstellung\/","title":{"rendered":""},"content":{"rendered":"<p>&nbsp;<\/p>\n<p>&nbsp;<\/p>\n<p><strong>Das Bremsger\u00e4usch einer zum Stehen kommenden Dampflokomotive, die gedankliche Vorstellung davon, in Form dreidimensionaler Metallskulptur auf der leeren Plattform installiert<\/strong><\/p>\n<p>&nbsp;<\/p>\n<p>&nbsp;<\/p>\n<p>&nbsp;<\/p>\n<p>&nbsp;<\/p>\n<p>\u201eLokonoize\u201c, 1992, Gedankenskulptur\/Vorstellung, Metallst\u00e4nder mit Texttafel oder Mobiltelefon\/anderes digitales Ger\u00e4t (mit Internetverbindug\/WI-FI)<\/p>\n<p>Empfohlene Raumfl\u00e4che: zehn Meter lang, sieben Meter breit<br \/>\nIm hinteren Teil des Raums auf dem Boden- weiss gestrichene Plattform aus Holz; das f\u00fcnfzehn Zentimeter hohe, hundertf\u00fcnfzig Zentimeter breite und achtzig Zentimeter tiefe Podest liegt eingemittet zwischen den Seitenw\u00e4nden, die Distanz zur R\u00fcckwand des Raums betr\u00e4gt einen Meter. F\u00fcnf Meter vor der leeren Plattform- Metallst\u00e4nder mit Texttafel, auf der die Gedankeninstallation \u201eLokonoize\u201c definiert ist<\/p>\n<p>&nbsp;<\/p>\n<p><em><a href=\"https:\/\/jeltsch.eu\/webblog\/wp-content\/uploads\/2023\/01\/R-04-03-GI-LOKONOISE-RAUM.jpg\" rel=\"noopener\" target=\"_blank\">Raumansicht 1<\/a><\/em><\/p>\n<p><a href=\"https:\/\/jeltsch.eu\/webblog\/wp-content\/uploads\/2023\/01\/R-04-05-GI-LOKONOISE-RAUM-SOCKEL.jpg\" rel=\"noopener\" target=\"_blank\"><em>Raumansicht 2<\/em><\/a><\/p>\n<p>&nbsp;<\/p>\n<p><a href=\"https:\/\/jeltsch.eu\/webblog\/gedankeninstallation-uebersicht\/\"><<\/a><\/p>\n<p>&nbsp;<\/p>\n","protected":false},"excerpt":{"rendered":"<p>&nbsp; &nbsp; Das Bremsger\u00e4usch einer zum Stehen kommenden Dampflokomotive, die gedankliche Vorstellung davon, in Form dreidimensionaler Metallskulptur auf der leeren Plattform installiert &nbsp; &nbsp; &nbsp; &nbsp; \u201eLokonoize\u201c, 1992, Gedankenskulptur\/Vorstellung, Metallst\u00e4nder mit Texttafel oder Mobiltelefon\/anderes digitales Ger\u00e4t (mit Internetverbindug\/WI-FI) Empfohlene Raumfl\u00e4che: zehn Meter lang, sieben Meter breit Im hinteren Teil des Raums auf dem Boden- weiss &hellip; <a href=\"https:\/\/jeltsch.eu\/webblog\/lokonoize-1992-gedankenskulptur-vorstellung\/\" class=\"more-link\"><span class=\"screen-reader-text\"><\/span> weiterlesen <span class=\"meta-nav\">&rarr;<\/span><\/a><\/p>\n","protected":false},"author":3,"featured_media":0,"parent":0,"menu_order":0,"comment_status":"closed","ping_status":"closed","template":"","meta":{"footnotes":""},"_links":{"self":[{"href":"https:\/\/jeltsch.eu\/webblog\/wp-json\/wp\/v2\/pages\/8471"}],"collection":[{"href":"https:\/\/jeltsch.eu\/webblog\/wp-json\/wp\/v2\/pages"}],"about":[{"href":"https:\/\/jeltsch.eu\/webblog\/wp-json\/wp\/v2\/types\/page"}],"author":[{"embeddable":true,"href":"https:\/\/jeltsch.eu\/webblog\/wp-json\/wp\/v2\/users\/3"}],"replies":[{"embeddable":true,"href":"https:\/\/jeltsch.eu\/webblog\/wp-json\/wp\/v2\/comments?post=8471"}],"version-history":[{"count":5,"href":"https:\/\/jeltsch.eu\/webblog\/wp-json\/wp\/v2\/pages\/8471\/revisions"}],"predecessor-version":[{"id":8477,"href":"https:\/\/jeltsch.eu\/webblog\/wp-json\/wp\/v2\/pages\/8471\/revisions\/8477"}],"wp:attachment":[{"href":"https:\/\/jeltsch.eu\/webblog\/wp-json\/wp\/v2\/media?parent=8471"}],"curies":[{"name":"wp","href":"https:\/\/api.w.org\/{rel}","templated":true}]}}