{"id":8479,"date":"2023-01-17T16:57:49","date_gmt":"2023-01-17T16:57:49","guid":{"rendered":"https:\/\/jeltsch.eu\/webblog\/?page_id=8479"},"modified":"2023-01-18T18:07:06","modified_gmt":"2023-01-18T18:07:06","slug":"fliegender-teppich-1992-gedankenskulptur-vorstellung","status":"publish","type":"page","link":"https:\/\/jeltsch.eu\/webblog\/fliegender-teppich-1992-gedankenskulptur-vorstellung\/","title":{"rendered":""},"content":{"rendered":"<p>&nbsp;<\/p>\n<p>&nbsp;<\/p>\n<p><strong>Grosse zerfaserte Wolke zu flacher Platte gegossen, f\u00fcnf Meter lang, vier Meter breit, zwei Zentimeter dick, Oberfl\u00e4che geh\u00e4rtet, geschliffen, Seitenkanten mattiert, f\u00fcnfzig Zentimeter horizontal frei \u00fcber dem Boden des Raumes schwebend- darauf aufgezogen, fl\u00e4chendeckend: Spannteppich, kurzflor, ultramarinblau<\/strong><\/p>\n<p>&nbsp;<\/p>\n<p>&nbsp;<\/p>\n<p>&nbsp;<\/p>\n<p>&nbsp;<\/p>\n<p> \u201eFliegender Teppich\u201c, 1992, Gedankenskulptur\/Vorstellung, Metallst\u00e4nder, Texttafel oder Mobiltelefon\/anderes digitales Ger\u00e4t (mit Internetverbindug\/WI-FI)<\/p>\n<p>Empfohlene Raumfl\u00e4che: zehn Meter lang, sieben Meter breit; im sonst leeren Raum eingerichtet- Metallst\u00e4nder mit Textplatte, auf der die Vorstellung formuliert ist<\/p>\n<p>&nbsp;<\/p>\n<p><a href=\"https:\/\/jeltsch.eu\/webblog\/gedankeninstallation-uebersicht\/\"><<\/a><\/p>\n<p>&nbsp;<\/p>\n","protected":false},"excerpt":{"rendered":"<p>&nbsp; &nbsp; Grosse zerfaserte Wolke zu flacher Platte gegossen, f\u00fcnf Meter lang, vier Meter breit, zwei Zentimeter dick, Oberfl\u00e4che geh\u00e4rtet, geschliffen, Seitenkanten mattiert, f\u00fcnfzig Zentimeter horizontal frei \u00fcber dem Boden des Raumes schwebend- darauf aufgezogen, fl\u00e4chendeckend: Spannteppich, kurzflor, ultramarinblau &nbsp; &nbsp; &nbsp; &nbsp; \u201eFliegender Teppich\u201c, 1992, Gedankenskulptur\/Vorstellung, Metallst\u00e4nder, Texttafel oder Mobiltelefon\/anderes digitales Ger\u00e4t (mit Internetverbindug\/WI-FI) &hellip; <a href=\"https:\/\/jeltsch.eu\/webblog\/fliegender-teppich-1992-gedankenskulptur-vorstellung\/\" class=\"more-link\"><span class=\"screen-reader-text\"><\/span> weiterlesen <span class=\"meta-nav\">&rarr;<\/span><\/a><\/p>\n","protected":false},"author":3,"featured_media":0,"parent":0,"menu_order":0,"comment_status":"closed","ping_status":"closed","template":"","meta":{"footnotes":""},"_links":{"self":[{"href":"https:\/\/jeltsch.eu\/webblog\/wp-json\/wp\/v2\/pages\/8479"}],"collection":[{"href":"https:\/\/jeltsch.eu\/webblog\/wp-json\/wp\/v2\/pages"}],"about":[{"href":"https:\/\/jeltsch.eu\/webblog\/wp-json\/wp\/v2\/types\/page"}],"author":[{"embeddable":true,"href":"https:\/\/jeltsch.eu\/webblog\/wp-json\/wp\/v2\/users\/3"}],"replies":[{"embeddable":true,"href":"https:\/\/jeltsch.eu\/webblog\/wp-json\/wp\/v2\/comments?post=8479"}],"version-history":[{"count":3,"href":"https:\/\/jeltsch.eu\/webblog\/wp-json\/wp\/v2\/pages\/8479\/revisions"}],"predecessor-version":[{"id":8483,"href":"https:\/\/jeltsch.eu\/webblog\/wp-json\/wp\/v2\/pages\/8479\/revisions\/8483"}],"wp:attachment":[{"href":"https:\/\/jeltsch.eu\/webblog\/wp-json\/wp\/v2\/media?parent=8479"}],"curies":[{"name":"wp","href":"https:\/\/api.w.org\/{rel}","templated":true}]}}