{"id":8508,"date":"2023-01-17T18:05:57","date_gmt":"2023-01-17T18:05:57","guid":{"rendered":"https:\/\/jeltsch.eu\/webblog\/?page_id=8508"},"modified":"2023-12-19T01:50:37","modified_gmt":"2023-12-19T01:50:37","slug":"propeller-1998-gedankeninstallation-vorstellung","status":"publish","type":"page","link":"https:\/\/jeltsch.eu\/webblog\/propeller-1998-gedankeninstallation-vorstellung\/","title":{"rendered":""},"content":{"rendered":"<p>&nbsp;<\/p>\n<p>&nbsp;<\/p>\n<p><strong>Fliessende Energie kreativen Sch\u00f6pfungsakts mit amorpher Substanz und Molek\u00fclen von Quarzsand und Helium vermengt, verdichtet, zu antikem, zweifl\u00fcgeligem Propeller mit einer Spannweite von zwei Metern gegossen, mental zu Glasobjekt geh\u00e4rtet, die Oberfl\u00e4che mattiert, halbtransparent &#8211; sechzehn Abg\u00fcsse davon, die quadratisches Feld bilden: vier mal vier Propeller, drei Meter \u00fcber dem Boden, frei in der H\u00f6he des Raumes schweben, die einzelnen Propeller in ruhiger, gleichm\u00e4ssiger Bewegung um die eigene Achse rotierend, sich gegenseitig jeweils zehn Zentimer weit \u00fcberlappen, wie Zahnr\u00e4der ineinander \u00fcbergreifen, ohne sich zu ber\u00fchren, perfekte Harmonie- sechzehn Propeller aus mattiertem Glas in ruhiger, gleichm\u00e4ssiger Bewegung, horizontal um die eigene Achse rotierend, feine Luftwirbelstr\u00f6me zeugen<\/strong><\/p>\n<p>&nbsp;<\/p>\n<p>&nbsp;<\/p>\n<p>&nbsp;<\/p>\n<p>&nbsp;<\/p>\n<p>\u201ePropeller\u201c, 1998, Gedankeninstallation\/Vorstellung, Metallst\u00e4nder mit Texttafel oder Mobiltelefon\/anderes digitales Ger\u00e4t (mit Internetverbindug\/WI-FI)<\/p>\n<p>Empfohlene Raumfl\u00e4che: sechzehn Meter lang, sechzehn Meter breit<\/p>\n<p>Raumausstattung: St\u00e4nder und Texttafel oder Mobiltelefon\/anderes digitales Ger\u00e4t (mit Internetverbindug\/WI-FI)<\/p>\n<p>&nbsp;<\/p>\n<p><a href=\"https:\/\/jeltsch.eu\/webblog\/gedankeninstallation-uebersicht\/\"><<\/a><\/p>\n<p>&nbsp;<\/p>\n","protected":false},"excerpt":{"rendered":"<p>&nbsp; &nbsp; Fliessende Energie kreativen Sch\u00f6pfungsakts mit amorpher Substanz und Molek\u00fclen von Quarzsand und Helium vermengt, verdichtet, zu antikem, zweifl\u00fcgeligem Propeller mit einer Spannweite von zwei Metern gegossen, mental zu Glasobjekt geh\u00e4rtet, die Oberfl\u00e4che mattiert, halbtransparent &#8211; sechzehn Abg\u00fcsse davon, die quadratisches Feld bilden: vier mal vier Propeller, drei Meter \u00fcber dem Boden, frei in &hellip; <a href=\"https:\/\/jeltsch.eu\/webblog\/propeller-1998-gedankeninstallation-vorstellung\/\" class=\"more-link\"><span class=\"screen-reader-text\"><\/span> weiterlesen <span class=\"meta-nav\">&rarr;<\/span><\/a><\/p>\n","protected":false},"author":3,"featured_media":0,"parent":0,"menu_order":0,"comment_status":"closed","ping_status":"closed","template":"","meta":{"footnotes":""},"_links":{"self":[{"href":"https:\/\/jeltsch.eu\/webblog\/wp-json\/wp\/v2\/pages\/8508"}],"collection":[{"href":"https:\/\/jeltsch.eu\/webblog\/wp-json\/wp\/v2\/pages"}],"about":[{"href":"https:\/\/jeltsch.eu\/webblog\/wp-json\/wp\/v2\/types\/page"}],"author":[{"embeddable":true,"href":"https:\/\/jeltsch.eu\/webblog\/wp-json\/wp\/v2\/users\/3"}],"replies":[{"embeddable":true,"href":"https:\/\/jeltsch.eu\/webblog\/wp-json\/wp\/v2\/comments?post=8508"}],"version-history":[{"count":8,"href":"https:\/\/jeltsch.eu\/webblog\/wp-json\/wp\/v2\/pages\/8508\/revisions"}],"predecessor-version":[{"id":25411,"href":"https:\/\/jeltsch.eu\/webblog\/wp-json\/wp\/v2\/pages\/8508\/revisions\/25411"}],"wp:attachment":[{"href":"https:\/\/jeltsch.eu\/webblog\/wp-json\/wp\/v2\/media?parent=8508"}],"curies":[{"name":"wp","href":"https:\/\/api.w.org\/{rel}","templated":true}]}}