{"id":8695,"date":"2023-01-19T22:32:49","date_gmt":"2023-01-19T22:32:49","guid":{"rendered":"https:\/\/jeltsch.eu\/webblog\/?page_id=8695"},"modified":"2023-11-03T13:19:12","modified_gmt":"2023-11-03T13:19:12","slug":"bloxx-bling-bling-indoor-version","status":"publish","type":"page","link":"https:\/\/jeltsch.eu\/webblog\/bloxx-bling-bling-indoor-version\/","title":{"rendered":""},"content":{"rendered":"<p>&nbsp;<\/p>\n<p><strong>Die gedankenplastische Umsetzung der elektronischen Klangmuster in Form mosaik\u00e4hnlichen Gebildes in schnell wechselnder Bewegung, zwei Meter frei \u00fcber dem Boden in der Mitte der halboffenen B\u00fchnenmuschel schwebend- rhythmisch pulsierende W\u00fcrfel und Quader von unterschiedlicher L\u00e4nge und Breite- Klangbausteine, weiss und schwarz und alumetall silber- und kupferfarben schimmernd, die sich in schnell wechselnder Folge in drei Dimensionen \u00fcberlagern, die einzelnen Elemente wie in Luft gestanzt, nur f\u00fcr Sekunden sichtbar, sich in zwei Metern H\u00f6he zu horizontal im offenen Raum schwebenden Gedankenkonstrukt in Form angedeuteten Ellipsoids in st\u00e4ndig variierender Grundform und Gr\u00f6sse f\u00fcgen, bis zu zwei Meter hoch und tief, bis sechs Meter breit- W\u00fcrfel und Quader unterschiedlicher Form und Gr\u00f6sse, weiss und schwarz und alumetallsilberfarben schimmernd\u2019 Gebilde, in rhythmisch pulsierender Bewegung<\/strong><\/p>\n<p>&nbsp;<\/p>\n<p>&nbsp;<\/p>\n<p>&nbsp;<\/p>\n<p>&nbsp;<\/p>\n<!--[if lt IE 9]><script>document.createElement('audio');<\/script><![endif]-->\n<audio class=\"wp-audio-shortcode\" id=\"audio-8695-1\" preload=\"none\" style=\"width: 100%;\" controls=\"controls\"><source type=\"audio\/mpeg\" src=\"https:\/\/jeltsch.eu\/webblog\/wp-content\/uploads\/2023\/01\/aus-dem-ruder-laufen-klinger-j.mp3?_=1\" \/><a href=\"https:\/\/jeltsch.eu\/webblog\/wp-content\/uploads\/2023\/01\/aus-dem-ruder-laufen-klinger-j.mp3\">https:\/\/jeltsch.eu\/webblog\/wp-content\/uploads\/2023\/01\/aus-dem-ruder-laufen-klinger-j.mp3<\/a><\/audio>\n<p>&nbsp;<\/p>\n<p>&nbsp;<\/p>\n<p>\u201eBloxx Bling Bling\u201c, Gedankeninstallation, 2015<\/p>\n<p>Empfohlene Raumfl\u00e4che (Mindestgr\u00f6sse): 10 x 10 m<\/p>\n<p>Die Gedankeninstallation \u201eBloxx Bling Bling\u201c basiert auf repetitivem, musikalischem Klangmuster (\u201eAus dem Ruder laufen\u2026\u201c \u2013 Klinger J, 4:56 min.) und kann in unterschiedlichen R\u00e4umen angemessener Gr\u00f6sse visualisiert werden<\/p>\n<p>Das knapp f\u00fcnf Minuten lange Musik-Pattern wird durch Mausklick auf den Play-Button des Audio-Players (m\u00f6glichst via Kopfh\u00f6rer) abgespielt und bildet die Basis\/Untermalung f\u00fcr die Vorstellung, die durch die Textanweisung vor dem geistigen Auge evoziert und in der Folge in den leeren, vorhandenen Raum projiziert werden soll<\/p>\n<p>&nbsp;<\/p>\n<p><a href=\"https:\/\/jeltsch.eu\/webblog\/gedankeninstallation-uebersicht\/\"><<\/a><\/p>\n<p>&nbsp;<\/p>\n","protected":false},"excerpt":{"rendered":"<p>&nbsp; Die gedankenplastische Umsetzung der elektronischen Klangmuster in Form mosaik\u00e4hnlichen Gebildes in schnell wechselnder Bewegung, zwei Meter frei \u00fcber dem Boden in der Mitte der halboffenen B\u00fchnenmuschel schwebend- rhythmisch pulsierende W\u00fcrfel und Quader von unterschiedlicher L\u00e4nge und Breite- Klangbausteine, weiss und schwarz und alumetall silber- und kupferfarben schimmernd, die sich in schnell wechselnder Folge in &hellip; <a href=\"https:\/\/jeltsch.eu\/webblog\/bloxx-bling-bling-indoor-version\/\" class=\"more-link\"><span class=\"screen-reader-text\"><\/span> weiterlesen <span class=\"meta-nav\">&rarr;<\/span><\/a><\/p>\n","protected":false},"author":3,"featured_media":0,"parent":0,"menu_order":0,"comment_status":"closed","ping_status":"closed","template":"","meta":{"footnotes":""},"_links":{"self":[{"href":"https:\/\/jeltsch.eu\/webblog\/wp-json\/wp\/v2\/pages\/8695"}],"collection":[{"href":"https:\/\/jeltsch.eu\/webblog\/wp-json\/wp\/v2\/pages"}],"about":[{"href":"https:\/\/jeltsch.eu\/webblog\/wp-json\/wp\/v2\/types\/page"}],"author":[{"embeddable":true,"href":"https:\/\/jeltsch.eu\/webblog\/wp-json\/wp\/v2\/users\/3"}],"replies":[{"embeddable":true,"href":"https:\/\/jeltsch.eu\/webblog\/wp-json\/wp\/v2\/comments?post=8695"}],"version-history":[{"count":9,"href":"https:\/\/jeltsch.eu\/webblog\/wp-json\/wp\/v2\/pages\/8695\/revisions"}],"predecessor-version":[{"id":18387,"href":"https:\/\/jeltsch.eu\/webblog\/wp-json\/wp\/v2\/pages\/8695\/revisions\/18387"}],"wp:attachment":[{"href":"https:\/\/jeltsch.eu\/webblog\/wp-json\/wp\/v2\/media?parent=8695"}],"curies":[{"name":"wp","href":"https:\/\/api.w.org\/{rel}","templated":true}]}}